{"id":44,"date":"2022-11-11T12:16:07","date_gmt":"2022-11-11T11:16:07","guid":{"rendered":"http:\/\/wakcom.pl\/?page_id=44"},"modified":"2024-04-09T15:18:28","modified_gmt":"2024-04-09T13:18:28","slug":"abc","status":"publish","type":"page","link":"http:\/\/wakcom.pl\/?page_id=44","title":{"rendered":"Kontakt"},"content":{"rendered":"\n<div class=\"wp-block-columns is-layout-flex wp-container-core-columns-is-layout-9d6595d7 wp-block-columns-is-layout-flex\">\n<div class=\"wp-block-column is-layout-flow wp-block-column-is-layout-flow\">\n<p>WAKCom Wies\u0142aw Kanabaj&nbsp;&nbsp;&nbsp;&nbsp;&nbsp;&nbsp;<\/p>\n\n\n\n<p>Leszczynowa 4<\/p>\n\n\n\n<p>86-021 \u017bo\u0142\u0119dowo<\/p>\n\n\n\n<p>tel. kom.&nbsp; +48&nbsp;728&nbsp;303 333<\/p>\n\n\n\n<p><\/p>\n\n\n\n<p>NIP: 554-128-43-88<\/p>\n\n\n\n<p>Regon: 092800298<\/p>\n\n\n\n<p><\/p>\n<\/div>\n\n\n\n<div class=\"wp-block-column is-layout-flow wp-block-column-is-layout-flow\"><\/div>\n<\/div>\n","protected":false},"excerpt":{"rendered":"<p>WAKCom Wies\u0142aw Kanabaj&nbsp;&nbsp;&nbsp;&nbsp;&nbsp;&nbsp; Leszczynowa 4 86-021 \u017bo\u0142\u0119dowo tel. kom.&nbsp; +48&nbsp;728&nbsp;303 333 NIP: 554-128-43-88 Regon: 092800298<\/p>\n","protected":false},"author":1,"featured_media":0,"parent":0,"menu_order":0,"comment_status":"closed","ping_status":"closed","template":"","meta":{"footnotes":""},"class_list":["post-44","page","type-page","status-publish","hentry"],"_links":{"self":[{"href":"http:\/\/wakcom.pl\/index.php?rest_route=\/wp\/v2\/pages\/44","targetHints":{"allow":["GET"]}}],"collection":[{"href":"http:\/\/wakcom.pl\/index.php?rest_route=\/wp\/v2\/pages"}],"about":[{"href":"http:\/\/wakcom.pl\/index.php?rest_route=\/wp\/v2\/types\/page"}],"author":[{"embeddable":true,"href":"http:\/\/wakcom.pl\/index.php?rest_route=\/wp\/v2\/users\/1"}],"replies":[{"embeddable":true,"href":"http:\/\/wakcom.pl\/index.php?rest_route=%2Fwp%2Fv2%2Fcomments&post=44"}],"version-history":[{"count":3,"href":"http:\/\/wakcom.pl\/index.php?rest_route=\/wp\/v2\/pages\/44\/revisions"}],"predecessor-version":[{"id":107,"href":"http:\/\/wakcom.pl\/index.php?rest_route=\/wp\/v2\/pages\/44\/revisions\/107"}],"wp:attachment":[{"href":"http:\/\/wakcom.pl\/index.php?rest_route=%2Fwp%2Fv2%2Fmedia&parent=44"}],"curies":[{"name":"wp","href":"https:\/\/api.w.org\/{rel}","templated":true}]}}